ided by u.
54
Suppose u - 30 = 34. Let a = -31 + u. Suppose q - 2*q = 4*s - a, 0 = -5*q + 25. Calculate the remainder when 11 is divided by s.
4
Let c(x) = -x - 4. Let z be c(-8). Suppose -6 + z = -f. What is the remainder when (48/(-32))/((-4)/16) is divided by f?
0
Let y = 3177 + -3087. Calculate the remainder when y is divided by 37.
16
Suppose 55*b - 212 = -47. Suppose b*x - 317 = g, 4*x + 92 = 3*g + 513. Suppose 18 = a - 9. What is the remainder when x is divided by a?
25
Suppose -6*v + 4 + 14 = 0. Suppose -76 = 2*d + 5*m, d + 178 = -3*d + v*m. Let h = 19 - d. What is the remainder when h is divided by 13?
10
Let v(j) = -j**2 + 21*j + 4. Let a be v(21). Calculate the remainder when (1 - a)*(-5015)/255 is divided by 27.
5
Suppose 0 = 4*u - 4*p - 2804, -5*u + 3561 = 46*p - 43*p. What is the remainder when u is divided by 14?
8
Let u(l) = -157*l + 15. Let q be u(1). Let v = -11 - q. What is the remainder when v is divided by 34?
29
Suppose -b + 2*m + 37 = 0, 0 = -b - 0*b + m + 34. What is the remainder when (-34)/(-3060)*60 - 494/(-6) is divided by b?
21
Suppose v - 58 = -2*q, -q + 28 = v - 5*q. Suppose x + x = v. Suppose -4*k + 94 - x = 2*p, -2*k - 3*p + 45 = 0. What is the remainder when 44 is divided by k?
14
Suppose 114*q = -45*q + 47859. What is the remainder when q is divided by 97?
10
Let j(d) = d**2 - 18*d + 61. Let y be j(15). Calculate the remainder when y - (-3)/(-2)*(-104)/(-78) is divided by 4.
2
Suppose -21*l + 4401 = -2634. Suppose 5*u - 107 = 173. Calculate the remainder when l is divided by u.
55
Let g = 562 - 558. Suppose q = 1 + g, 2*o - q - 19 = 0. What is the remainder when 28 is divided by o?
4
Let v(z) = -z**2 + 27*z + 67. Let f(d) = d**3 - 9*d**2 - 6*d - 22. What is the remainder when v(27) is divided by f(10)?
13
Let t = -59834 - -59867. Let u(h) = -h**3 - 4*h**2 + 4*h - 6. Let n be u(-5). Let m(d) = 12*d**2 - d - 1. Calculate the remainder when t is divided by m(n).
9
Suppose 0 = -3*c + 3, 12*t - 16*t + 3*c = -4965. Calculate the remainder when t is divided by 11.
10
Let m(n) = -14*n - 39. Let d = 857 - 603. What is the remainder when d is divided by m(-4)?
16
Let i = 16875 - 16862. Let g be -2*3/((-6)/26). What is the remainder when i is divided by 1/2 + g/4?
6
Suppose 4*r + j - 678 = 0, -88 + 94 = 3*j. What is the remainder when 358 is divided by r?
20
Let r = 40 - -184. Calculate the remainder when r is divided by 29.
21
Let t(h) = -16*h - 27. Let u be t(-2). Let o(c) = -c**2 + 8*c - 8. Calculate the remainder when 130 is divided by o(u).
4
Let s(r) = r**3 - 11*r**2 - 51*r - 432. Calculate the remainder when 675 is divided by s(16).
3
Suppose 4*x = 12*x - 480. Suppose -2*a + 62 = 2*j, 4*a - 5*j - x = 28. Let b(h) = -h**2 + 15*h + 6. What is the remainder when a is divided by b(15)?
3
Suppose -3*n = -2*y - 2*n + 12, -4*y + 40 = 2*n. Suppose -y*f = -10*f + 4*a + 242, -5*f = -4*a - 629. What is the remainder when f is divided by 5?
4
Let q = 9388 + -9373. Calculate the remainder when q is divided by 14 - 0/1 - 2.
3
Suppose 29*b - 25*b - 472 = 0. Calculate the remainder when b is divided by (-66)/(-22) - (2 + -23).
22
Suppose 4*z - 6 - 6 = 0. Suppose z*d - 5*d = -22. Let f = -5430 + 5433. What is the remainder when d is divided by f?
2
Suppose -29*k = -5*p - 24*k + 70, -4*p + 64 = -2*k. Let c = 23 - -3. Calculate the remainder when c is divided by p.
8
Suppose 2*x - 4*i = 40, 5*i + 16 = 2*x - 29. Suppose 61 = -4*q + 297. Suppose 5*v = -10, 5*v - 27 = -2*m + q. Calculate the remainder when m is divided by x.
8
Let d(w) = -3*w**3 - 17*w**2 - 12*w - 50. What is the remainder when d(-8) is divided by 5?
4
Suppose 2024 = 3*t + 5*t - 1592. What is the remainder when t is divided by 224?
4
Suppose 0 = -10*i + 4*i + 18. Let g be 2/(8/73) + i/(-12). Suppose g*x = 13*x + 10. What is the remainder when 14 is divided by x?
0
Suppose 2*z + 4*b + 380 = 0, 5*z + 902 = -0*z + 2*b. Let y = 222 + z. Calculate the remainder when 40 is divided by y.
0
Let d = -220 - -365. Let q = 7 + -1. Calculate the remainder when 3/((-15)/4) + 8526/d is divided by q.
4
Let j = 7490 + -2949. Calculate the remainder when j is divided by 1510.
11
Suppose 126 = w - 4*y, 2*w - 208 + 8 = -5*y. Calculate the remainder when w is divided by 57.
53
Let v(u) = -1298*u - 10086. What is the remainder when v(-48) is divided by 14?
12
Let v(f) = -14*f**3 - 10*f**2 + 7*f + 34. What is the remainder when v(-5) is divided by 166?
5
Let n be 0/2*3/(-12). Suppose t - 93 = -n*t. Let l(k) = k**2 - 11*k - 184. Calculate the remainder when t is divided by l(21).
15
Suppose -9*c = -34*c + 700. Suppose 9*z = 7*z + 332. What is the remainder when z is divided by c?
26
What is the remainder when 3392 is divided by (-46 - -44)/((-22)/(-55) + 1131/(-2815))?
14
Let p(l) = l**3 + 106*l**2 + 479*l - 15. What is the remainder when 399 is divided by p(-5)?
54
Suppose s - 26 = 5*t - 2*t, -3*s = -3*t - 24. Let z(g) = -g**3 - 9*g**2 - 4*g - 20 + 2*g**3 - 3*g**3 + g**3. Calculate the remainder when z(t) is divided by 4.
0
Suppose 2*d = 2*x - 11 + 39, 0 = -2*d + x + 27. Suppose -l = -4*k - 27, 5*l + 194*k = 192*k + 333. Calculate the remainder when l is divided by d.
11
Suppose 2*r - o - 1005 = 0, 4*r - 5*o - 784 = 1229. What is the remainder when r is divided by 101?
98
Suppose -2*v + 3231 = 3*y, y - 1531 + 454 = -v. What is the remainder when 3241 is divided by y?
10
Suppose -11*m = 5*w - 1181, 0 = -2*w + 6. Calculate the remainder when 322 is divided by m.
4
Let o(d) = -d**2 + 27*d - 105. Calculate the remainder when 255 is divided by o(18).
27
Suppose -185*z - 142*z + 8129424 = 332*z. What is the remainder when z is divided by 9?
6
Let k(m) = -167*m - 2779. What is the remainder when 367 is divided by k(-17)?
7
Let u(r) = -r**2 + 135*r - 929. Calculate the remainder when u(97) is divided by 30.
27
Let r be (6/(-9))/((-1)/3). Suppose f - r + 1 = 0. What is the remainder when (4/(-18))/((-19)/9 + 2) is divided by f?
0
Let c(y) = 3*y**3 - 2*y**2 + 3*y - 1. Let p(x) = -x**3 - 136*x**2 - 2050*x - 3183. Calculate the remainder when p(-119) is divided by c(2).
9
Let z be 0/(0 + (1 - 2)). Suppose z = -26*g + 4786 + 180. What is the remainder when g is divided by 12?
11
Let i be 3/(-2)*(8 + (-128)/24). Calculate the remainder when 108 is divided by ((-896)/(-160))/(i/(-10)).
10
Let k(b) = -7*b**3 - 5*b**2 + 8*b - 2. Let l be k(1). Calculate the remainder when 63 - l - (-2 + (1 - -1)) is divided by 59.
10
Let u(o) = -34*o**2 + 575*o + 59. What is the remainder when 240 is divided by u(17)?
0
Let m(f) = 7*f - 72 + 16 + 30. Let g be m(-7). What is the remainder when g/6*12/(-3) is divided by 18?
14
Let a = -404 - -424. What is the remainder when 859 is divided by a?
19
Let i = 1402 - 908. Calculate the remainder when i is divided by 103.
82
Let v(u) = 19*u**2 + 5*u + 3. Let q be (-6 + (-52)/(-8))*-2. Calculate the remainder when 286 is divided by v(q).
14
Let n(a) = 2*a**2 - 45*a + 5. Let w = 9 - 8. What is the remainder when n(0) is divided by w?
0
Let u(t) = 2*t + 34. Let r be u(-21). Let o(i) = -i**2 - 12*i - 17. Calculate the remainder when (174/r)/((-5)/20) is divided by o(-5).
15
Suppose 3*w = 1 - 16, 4*w + 20 = 3*z. Suppose -10*a + 4*q = -5*a - 772, -5*a + 2*q + 766 = z. Calculate the remainder when a is divided by 52.
48
Let h(m) = 2 - 1 - 53*m - 5. What is the remainder when h(-1) is divided by (-22)/77 + (-186)/(-14)?
10
Suppose 0 = 62*a - 64*a + 324. Let k = 158 + a. Calculate the remainder when k is divided by 14.
12
Let r(y) = -22*y + 881. Calculate the remainder when 65 is divided by r(39).
19
Suppose 0*f - f = -5. Let i(y) = -3*y + 21. Let z = -432 + 438. Calculate the remainder when f is divided by i(z).
2
Let b = 8971 - 4652. What is the remainder when b is divided by 54?
53
Suppose -258 = 32*r - 34*r. Let y(b) = -14*b - 11. Let v(x) = 7*x + 6. Let f(u) = 7*v(u) + 3*y(u). Calculate the remainder when r is divided by f(5).
41
Suppose l - 63 - 158 = 0. Let d = l + -210. Calculate the remainder when 49 is divided by d.
5
Let h = -6393 + 6456. What is the remainder when 1006 is divided by h?
61
Let j = -1 - -13. Let t = j + 24. Suppose 2*s = -2*g + 14, 3*g - t + 9 = 3*s. Calculate the remainder when 29 is divided by g.
5
Let c be 1/(2/(-70)) + 0. Let i(o) = -62*o - 94. Let n be i